138. Suppose 23*f = 26*f - p. List the prime factors of f.
3, 43
Let f be (-2 - (1 - 0))/((-6)/4). Let x(w) = 15*w - 4 - 28*w - f + 9*w. List the prime factors of x(-13).
2, 23
Suppose -3*k - 7*t + 115062 = 0, 38*k + 191814 = 43*k - 3*t. What are the prime factors of k?
3, 19, 673
Let l(i) = -7*i**2 - 46*i. Let b(g) = -22*g**2 - 139*g. Let j(a) = 2*b(a) - 7*l(a). List the prime factors of j(-15).
3, 5, 31
Suppose 2*c - 160301 + 34703 = -4*z, 0 = 3*c - z - 188446. List the prime factors of c.
23, 2731
Suppose -245 = 9*k - 92. Let t = k + 52. Suppose 6*b + 11 = t. List the prime factors of b.
2
Let c(r) = -510*r + 120. What are the prime factors of c(-18)?
2, 3, 5, 31
Suppose 0 = 23*f - 740742 - 450911. List the prime factors of f.
197, 263
Let l(j) = 18*j**2 - 4*j - 3. Let u be l(-2). Suppose 2*p = 4, 3*h + 73*p = u*p + 643. What are the prime factors of h?
7, 31
Let w be 1/(-3)*(-39 + -3). Let c(v) be the first derivative of -v**4/4 + 14*v**3/3 + 3*v**2 - v + 17. List the prime factors of c(w).
83
Let x(g) = 4*g**2 - 2*g + 18. Suppose -2*t = a + 16, 11*t + 24 = 9*t - 5*a. List the prime factors of x(t).
2, 3, 19
Let o(l) = -20*l + 148. Let u be o(7). List the prime factors of (-2689)/(-2) - u/16.
2, 3, 7
Let o(f) = -f**2 + 27*f + 5. Let s be o(27). Suppose -5*k = -6*b + 7*b + 9, 0 = -s*b - 4*k + 18. Let w = b - -32. What are the prime factors of w?
2, 19
Let i(d) = -2*d**2 - 20*d - 12. Suppose -6*y + 4*y = -18. Suppose -90 = y*c + c. What are the prime factors of i(c)?
2, 3
Let m = 273 - 273. Suppose -402*j + 395*j + 3465 = m. What are the prime factors of j?
3, 5, 11
Let w(n) = 44*n**2 + 3*n - 10. Let x be (-1 - ((-64)/12 - -3))*-3. List the prime factors of w(x).
2, 11, 31
Let i(h) = -38*h + 6. Let b(u) = 37*u - 5. Let s(w) = -3*b(w) - 2*i(w). What are the prime factors of s(-9)?
2, 3, 53
Suppose -3288 = -20*f + 8*f. Suppose d - z = -8 + f, 0 = 4*d + 4*z - 1040. List the prime factors of d.
263
Let p = -101 - -224. Let b(m) = -p*m + 124*m + 0*m**2 + m**2 + 4. List the prime factors of b(-7).
2, 23
Let o be (47/(-3))/(5*(-5)/(-2550)). Let r = o + 2288. What are the prime factors of r?
2, 3, 5, 23
Let u(s) = 215*s + 937. List the prime factors of u(14).
3947
Let b = 21822 - 13840. List the prime factors of b.
2, 13, 307
List the prime factors of (-26 - 1113/(-42))*123334.
61667
What are the prime factors of (-1305675)/(-450)*(36/21)/2?
3, 829
Let c = 42 - 39. Suppose c*y = -j + 15, -3*j - 5*y + 2 = -35. What are the prime factors of 34/((-45)/(-81) - 2/j)?
2, 3, 17
Let j(o) = -10*o**3 - o**2 + o + 5. List the prime factors of j(-4).
5
Let o(i) = -i**3 + 3*i - 5. Let a be o(4). Let p = 33 - a. Suppose -8*q = -2*s - 4*q + p, -2*q + 6 = 0. List the prime factors of s.
3, 17
Suppose 135*o - 136*o = -2. Suppose -5*x + 3*r + 5 = 48, 3 = -x + o*r. List the prime factors of x*35/((-20)/4).
7, 11
Suppose -3*g + 136710 = -4*b, 1686*g - 45575 = 1685*g + 3*b. List the prime factors of g.
2, 22783
Let u(d) = 29*d + 63. Let b be u(10). Suppose 0 = 5*r + 2*i - 763, -3*r + b = -5*i - 80. What are the prime factors of r?
151
Let m = -5002 - -9835. What are the prime factors of m?
3, 179
Suppose 42844 = 32*n - 129508. List the prime factors of n.
2, 2693
Let f be (-48)/(-27) + (-2)/(-9). Suppose 3*o + f*x + 10 = 2*o, 4*o + x + 19 = 0. List the prime factors of 158 - ((-9)/(-11) - o/22).
157
What are the prime factors of 283734/8 - 19*20/(-1520)?
29, 1223
Let n(g) = g**3 - 10*g**2 - g + 12. Let x = 43 - 64. Let t be 15/(-30) - x/2. List the prime factors of n(t).
2
Suppose -6*o = -592 - 458. Let h = -3 + o. What are the prime factors of h?
2, 43
Suppose 26 + 59 = 17*x. Suppose 0 = 5*k - x - 5. What are the prime factors of 183 - 5 - 2 - k*2?
2, 43
Let a(g) = 30*g**2 + 28*g + 138. Let q be a(19). What are the prime factors of 1/(q/34410 + (-2)/6)?
31, 37
Suppose 5*w - 4*k = 511, -2*k + 0*k = 8. Let j = w - 163. Let u = -47 - j. What are the prime factors of u?
17
Suppose -4*b = -z - 2, -4*z = -23*b + 25*b - 10. Suppose 664 = 2*g + z*p, -11*g = -10*g - p - 328. What are the prime factors of g?
2, 3, 5, 11
Suppose 24*v - 28*v - 132 = 0. Let o = 20 - v. Suppose p + 17 = o. List the prime factors of p.
2, 3
Suppose 4*t + 5*k = 2*k - 2697, -2*t - 3*k = 1353. Let v = t + 990. Suppose -7*s + 403 = -v. What are the prime factors of s?
103
Suppose -3*u + 11 = 35. Let j be (10/2)/(-10)*u. Suppose 4*s + j*b - 52 = 0, -3*s + 2*b + 0*b = -59. List the prime factors of s.
17
Suppose 6*v - 1100 = -16*v. Suppose 179 = j - v. What are the prime factors of j?
229
Suppose 3*i + 73190 = 4*n + 3180, -3*i = -3*n + 52509. What are the prime factors of n?
11, 37, 43
Suppose -884 + 236 = 4*u. Let f = 32 - u. List the prime factors of f.
2, 97
Let x(s) = 765*s**2 - 60*s + 485. List the prime factors of x(7).
2, 5, 751
Let k = -16034 - -23790. List the prime factors of k.
2, 7, 277
Suppose 0 = 5*h - 4*b - 365436, 86*h + 2*b - 146178 = 84*h. What are the prime factors of h?
2, 571
Suppose -24*a + 475 = -5*a. Let l(n) = n**2 - 11*n - 86. List the prime factors of l(a).
2, 3, 11
Let r(z) = 5*z**3 + z**2 - 4*z. Let h(s) = -s**3 - s**2 + s + 1. Let n(k) = -6*h(k) - r(k). What are the prime factors of n(-3)?
2, 3
List the prime factors of ((-16549)/(-52))/((2/(-144))/(15/(-45))).
2, 3, 19, 67
Suppose -12 = -5*l + 7*l. Let t be 16/l*(-2646)/56. Let j = 272 - t. What are the prime factors of j?
2, 73
Let y(c) = c**2 + 5*c - 2. Let v be y(1). What are the prime factors of (-1)/((-9)/1956)*6/v?
2, 163
Let u = 1752 - -746. What are the prime factors of u?
2, 1249
Let w = 56869 - 20422. List the prime factors of w.
3, 12149
Let a = -424 + 600. Let c be 372/(-9)*(-3 + 6)*1. Let n = a + c. List the prime factors of n.
2, 13
Suppose 4*j = 4*i + 44, 23 = j + 5*i - 6. Let w = j - -287. Let u = w - 196. List the prime factors of u.
3, 5, 7
Let c(s) = s**3 - 12*s**2 + 17*s + 31. Let h be c(10). Suppose 13 - 3 = -5*z. List the prime factors of 65/h - z - -3.
2, 5, 7
Suppose 11*d - 7*d = 4500. Suppose -2*y - 4*r + 616 = 0, -3*y - 205 + d = 4*r. List the prime factors of y.
2, 19
Suppose 5*j = 5*m + 39810, 0 = 9*m - 7*m + 12. List the prime factors of j.
2, 3, 13, 17
Let w(m) = 33*m**2 + m - 2. Let u be w(1). Let p be ((-5)/10)/(2/u). What are the prime factors of (-1362)/(-24) + 6/p?
2, 7
Let a(x) = -x - 13. Let b be a(0). Let h = b - -8. What are the prime factors of (-2)/((-40)/(-984)*2/h)?
3, 41
Let n = 13664 - 8312. List the prime factors of n.
2, 3, 223
Let k = 1112 + -2594. Let v = 55 - k. List the prime factors of v.
29, 53
Suppose h - 22*b - 144 = -25*b, -303 = -2*h - 3*b. List the prime factors of 212/h*(-5106)/(-8).
23, 37
Suppose 5*s = 3*u - 17119, -2622*s - 5711 = -u - 2618*s. List the prime factors of u.
3, 1901
Let b = 213 + -164. Suppose 87 = -9*h + 12*h. Let i = h + b. What are the prime factors of i?
2, 3, 13
Suppose 464 = -34*w - 556. List the prime factors of (-257444)/(-330) + 4/w.
2, 3, 5, 13
Let n = 236 + -27. Suppose -204*a = -n*a + 320. List the prime factors of a.
2
Let v = 24427 - 16110. Suppose 13*f - 9584 = v. What are the prime factors of f?
3, 17
Suppose -g = 2*o + 2 - 105, 0 = -4*g - o + 405. Suppose -5*w - 97 + 40 = 2*m, -4*m = -3*w + g. Let r = 32 - m. List the prime factors of r.
2, 29
Suppose 2*h - 1050 = -5*v, -4*v = -0*h + 2*h - 838. Let g be (-4 - -6) + v - 2. Suppose 5*u - 676 = 2*y - g, -106 = -u - 4*y. What are the prime factors of u?
2, 47
Let x(a) = 88*a**2 - a + 2. Let u be -4*4/8 + 0 + 0. What are the prime factors of x(u)?
2, 89
What are the prime factors of 12/14 + 22733096/1036?
2, 13, 211
Let v be (-5283)/(-6) + 6 - 3/2. Suppose -v - 1780 = -5*n. Suppose 0 = 4*w - 5*u - 900, 0 = -4*w + 4*u + 367 + n. List the prime factors of w.
3, 5
Let a(q) = 13*q**2 + 30*q - 112. What are the prime factors of a(-14)?
2, 3, 7
Let a = 2337 + -1249. Suppose -20*h + 28*h - a = 0. What are the prime factors of h?
2, 17
Suppose -3*c = -2*c + 5. Let m(u) = -4*u**3 - 2*u**2 + 11*u + 14. What are the prime factors of m(c)?
409
Let x(l) = 4*l + 34. Let o be x(-8). Let w be (-4)/((6/1005)/(o/(-10))). Suppose 0*k = -3*k + 2*y + w, 3*y + 224 = 5*k. List the prime factors of k.
2, 23
Let k = 45 + -41. Suppose -n + 891 = 4*r, 2*r + n - 459 = -k*n. Let h = r + -159. List the prime facto